mposite number?
True
Is 155579 a composite number?
False
Is 69181 prime?
False
Is 11617 composite?
False
Is 26417 a prime number?
True
Is 1693 a composite number?
False
Is 10781 prime?
True
Is 22051 prime?
True
Is 53651 composite?
True
Is 11665 a prime number?
False
Is 185781 a prime number?
False
Is 205367 a prime number?
False
Is 27769 a composite number?
True
Is 1901 a composite number?
False
Is 1639 a prime number?
False
Is 3057 composite?
True
Is 185021 a prime number?
True
Is 32633 composite?
False
Is 657257 prime?
True
Is 1082 a composite number?
True
Is 41647 a composite number?
False
Is 385771 composite?
False
Is 27397 a composite number?
False
Is 4602659 composite?
False
Is 11989 a prime number?
False
Is 9587 prime?
True
Is 22577 prime?
False
Is 242729 prime?
True
Is 8329 composite?
False
Is 398285 composite?
True
Is 41991 a composite number?
True
Is 10427 a prime number?
True
Is 23143 a prime number?
True
Is 31591 prime?
False
Is 389 a prime number?
True
Is 117651 a composite number?
True
Is 132001 composite?
False
Is 267227 a prime number?
True
Is 3967 composite?
False
Is 22943 a prime number?
True
Is 2308169 prime?
True
Is 2491 a prime number?
False
Is 31873 composite?
False
Is 127 composite?
False
Is 6823 a composite number?
False
Is 33767 composite?
False
Is 778241 a composite number?
False
Is 193507 a prime number?
True
Is 10783 prime?
False
Is 16603 a prime number?
True
Is 23983 a composite number?
True
Is 1725337 prime?
False
Is 2897 a prime number?
True
Is 1903103 prime?
True
Is 51637 a prime number?
True
Is 150191 prime?
False
Is 3163 composite?
False
Is 1080421 prime?
False
Is 90483 composite?
True
Is 171517 a prime number?
True
Is 42893 a composite number?
True
Is 195181 a composite number?
True
Is 15439 composite?
False
Is 22459 a prime number?
False
Is 21977 a composite number?
False
Is 379033 prime?
True
Is 2243 a composite number?
False
Is 4742971 a composite number?
False
Is 24019 prime?
True
Is 251513 composite?
False
Is 7115 a composite number?
True
Is 1151 a composite number?
False
Is 9193 prime?
False
Is 258155 a composite number?
True
Is 78779 composite?
False
Is 505569 composite?
True
Is 10081 a prime number?
False
Is 17341 a prime number?
True
Is 3671 composite?
False
Is 42467 a prime number?
True
Is 51949 composite?
False
Is 155929 prime?
False
Is 220739 a composite number?
True
Is 115193 composite?
True
Is 21211 composite?
False
Is 160819 prime?
False
Is 257 prime?
True
Is 116639 prime?
True
Is 21145 a prime number?
False
Is 62993 a composite number?
True
Is 44461 a composite number?
True
Is 3433 composite?
False
Is 10289 composite?
False
Is 119207 prime?
False
Is 124342 a prime number?
False
Is 52249 prime?
True
Is 131 prime?
True
Is 138709 a prime number?
False
Is 26493 composite?
True
Is 26141 a composite number?
False
Is 48003 prime?
False
Is 166739 a prime number?
True
Is 23183 prime?
False
Is 341618 prime?
False
Is 1248193 a composite number?
False
Is 471607 a prime number?
True
Is 15905 a prime number?
False
Is 100882 a prime number?
False
Is 896663 prime?
False
Is 3223 prime?
False
Is 63889 composite?
True
Is 64033 composite?
False
Is 19069 a composite number?
False
Is 505801 a composite number?
True
Is 47053 a composite number?
True
Is 3295 prime?
False
Is 76634 prime?
False
Is 22303 a composite number?
False
Is 581 a prime number?
False
Is 74 composite?
True
Is 121711 a composite number?
False
Is 13033 composite?
False
Is 21647 composite?
False
Is 171997 composite?
True
Is 7039 prime?
True
Is 317181 a composite number?
True
Is 114809 a composite number?
False
Is 2933 a composite number?
True
Is 22433 composite?
False
Is 135871 composite?
True
Is 136511 a prime number?
True
Is 11467 a prime number?
True
Is 2369 prime?
False
Is 128977 a prime number?
False
Is 2037539 a prime number?
False
Is 10741 prime?
False
Is 877 prime?
True
Is 1385 a prime number?
False
Is 7201 prime?
False
Is 6887 prime?
False
Is 15905 composite?
True
Is 30307 a composite number?
False
Is 2465927 prime?
False
Is 74047 prime?
True
Is 490519 prime?
True
Is 147853 composite?
False
Is 753 a prime number?
False
Is 27229 a composite number?
True
Is 149585 a composite number?
True
Is 174851 a composite number?
False
Is 222541 a composite number?
True
Is 32681 a composite number?
True
Is 28319 a composite number?
False
Is 7097 composite?
True
Is 2309 composite?
False
Is 124459 a composite number?
False
Is 22181 a prime number?
False
Is 116121 a composite number?
True
Is 2707 composite?
False
Is 39821 composite?
False
Is 407 prime?
False
Is 83261 a prime number?
False
Is 9029 prime?
True
Is 39497 a composite number?
True
Is 45943 prime?
True
Is 376547 a composite number?
False
Is 167289 a composite number?
True
Is 685435 a prime number?
False
Is 45161 prime?
True
Is 348199 a composite number?
True
Is 21269 a composite number?
False
Is 26831 composite?
True
Is 2312797 a composite number?
True
Is 18813 prime?
False
Is 7477 a composite number?
False
Is 570253 prime?
True
Is 6502 a prime number?
False
Is 1042 prime?
False
Is 205681 a prime number?
False
Is 9091 composite?
False
Is 102437 a composite number?
False
Is 7369 composite?
False
Is 178781 a composite number?
False
Is 957661 a prime number?
False
Is 8219 a prime number?
True
Is 3793 a prime number?
True
Is 3299 composite?
False
Is 10391 a composite number?
False
Is 323 composite?
True
Is 3907 a composite number?
False
Is 788903 a prime number?
True
Is 119681 prime?
False
Is 4177 composite?
False
Is 16697 composite?
True
Is 4247 composite?
True
Is 20063 a prime number?
True
Is 12707 a composite number?
True
Is 12677 prime?
False
Is 42667 a composite number?
False
Is 2411 composite?
False
Is 47921 composite?
True
Is 22141 prime?
False
Is 262829 prime?
False
Is 17071 a prime number?
False
Is 78557 a prime number?
False
Is 777541 composite?
False
Is 47459 a composite number?
False
Is 69899 composite?
False
Is 39613 prime?
False
Is 22699 composite?
False
Is 42422 a composite number?
True
Is 343481 composite?
False
Is 17209 composite?
False
Is 11038 a prime number?
False
Is 25693 composite?
False
Is 2684219 a composite number?
False
Is 5141 a prime number?
False
Is 121709 composite?
True
Is 9763 a composite number?
True
Is 24083 prime?
True
Is 367819 prime?
True
Is 275573 prime?
True
Is 125777 prime?
True
Is 439039 a composite number?
True
Is 50449 a composite number?
True
Is 40402 prime?
False
Is 729673 a prime number?
False
Is 49403 a prime number?
False
Is 304541 composite?
False
Is 11369 composite?
False
Is 193031 composite?
False
Is 131743 composite?
False
Is 47555 composite?
True
Is 109909 prime?
False
Is 645257 composite?
False
Is 16249 composite?
False
Is 123191 a composite number?
False
Is 219223 a prime number?
True
Is 599927 a prime number?
True
Is 33593 composite?
True
Is 17569 a composite number?
False
Is 20401 prime?
False
Is 12011 prime?
True
Is 15869 a composite number?
True
Is 21509 prime?
False
Is 117751 a prime number?
True
Is 2913 composite?
True
Is 127 a prime number?
True
Is 2775667 a prime number?
True
Is 15567 a composite number?
True
Is 57983 composite?
True
Is 4631 prime?
False
Is 27479 composite?
False
Is 710423 a prime number?
False
Is 10762 a prime number?
False
Is 1749595 prime?
False
Is 1649 prime?
False
Is 433393 prime?
True
Is 25271 a composite number?
True
Is 1273 composite?
True
Is 160327 composite?
True
Is 12601 composite?
False
Is 210347 a composite number?
False
Is 657277 a prime number?
False
Is 1215719 a composite number?
False
Is 9647 composite?
True
Is 314057 a prime number?
False
Is 72997 prime?
True
Is 224174 a prime number?
False
Is 689 prime?
False
Is 177959 a prime number?
False
Is 15089 a composite number?
True
Is 2503 a composite number?
False
Is 8059 composite?
False
Is 7382 a composite number?
True
Is 21419 a composite number?
False
Is 4798 a composite number?
True
Is 129905 prime?
False
Is 267931 a composite number?
True
Is 9689 a composite number?
False
Is 44209 prime?
False
Is 14891 prime?
True
Is 201101 prime?
True
Is 1088683 a composite number?
True
Is 62039 composite?
False
Is 6801 composite?
True
Is 14757 composite?
True
Is 38993 prime?
True
Is 28151 composite?
False
Is 1221023 composite?
True
Is 205319 prime?
True
Is 2113039 